tor of 3795223?
False
Does 860 divide 1848267?
False
Is 4328874 a multiple of 1124?
False
Is 242172 a multiple of 9?
True
Is 21924 a multiple of 4?
True
Is 11115 a multiple of 285?
True
Does 46 divide 8506956?
False
Is 1000029 a multiple of 29?
False
Is 2034311 a multiple of 33?
False
Does 8 divide 512?
True
Does 2 divide 117827?
False
Is 1262324 a multiple of 19?
False
Is 226 a factor of 5717185?
False
Is 983 a factor of 16072667?
False
Is 10000 a multiple of 125?
True
Is 1402516 a multiple of 44?
False
Is 12 a factor of 115597?
False
Is 245 a factor of 1001805?
True
Is 5419834 a multiple of 74?
True
Is 53394 a multiple of 33?
True
Is 65 a factor of 144300?
True
Is 8214544 a multiple of 26?
True
Is 264 a factor of 7434148?
False
Is 152057 a multiple of 19?
True
Is 129 a factor of 142158?
True
Is 309 a factor of 761685?
True
Is 340522 a multiple of 33?
False
Does 21 divide 363800?
False
Does 237 divide 280716?
False
Does 220 divide 94380?
True
Is 13843736 a multiple of 399?
False
Is 1482849 a multiple of 549?
True
Is 442 a factor of 152582?
False
Is 35 a factor of 1011913?
False
Does 20 divide 690450?
False
Is 345 a factor of 4873815?
True
Does 515 divide 241535?
True
Does 65 divide 718063?
False
Is 37 a factor of 4995592?
True
Does 2 divide 117874?
True
Does 83 divide 3197832?
False
Is 14 a factor of 3951598?
True
Is 55 a factor of 255475?
True
Is 109 a factor of 2550032?
False
Is 6741123 a multiple of 40?
False
Does 339 divide 399003?
True
Is 58280 a multiple of 8?
True
Does 19 divide 42477?
False
Is 86516 a multiple of 128?
False
Is 246615 a multiple of 123?
True
Does 29 divide 121956?
False
Is 22 a factor of 15832?
False
Does 59 divide 4085101?
True
Is 390259 a multiple of 53?
False
Does 416 divide 1208885?
False
Is 158000 a multiple of 8?
True
Does 5 divide 7676705?
True
Is 108 a factor of 86832?
True
Is 161 a factor of 1300719?
True
Is 11145984 a multiple of 32?
True
Is 5 a factor of 3069895?
True
Is 43008 a multiple of 112?
True
Is 772059 a multiple of 54?
False
Is 6 a factor of 1053882?
True
Does 42 divide 30370?
False
Is 341 a factor of 270385?
False
Does 5 divide 2001485?
True
Is 22 a factor of 2747712?
True
Does 883 divide 263134?
True
Does 27 divide 985476?
False
Is 56 a factor of 271656?
True
Is 11322124 a multiple of 1053?
False
Is 620704 a multiple of 32?
True
Is 37 a factor of 11360480?
True
Does 25 divide 4408023?
False
Does 14 divide 1832138?
True
Is 2508456 a multiple of 76?
True
Is 69159 a multiple of 247?
False
Is 2992 a multiple of 12?
False
Is 24 a factor of 520680?
True
Is 16 a factor of 69936?
True
Is 213 a factor of 475408?
False
Is 21 a factor of 7609?
False
Does 5 divide 77357?
False
Is 41 a factor of 105264?
False
Is 309540 a multiple of 22?
True
Is 9025800 a multiple of 20?
True
Is 30 a factor of 2596590?
True
Is 13298 a multiple of 99?
False
Does 16 divide 364416?
True
Is 53 a factor of 1054594?
True
Is 42 a factor of 1755?
False
Is 2440229 a multiple of 102?
False
Is 19 a factor of 5872179?
False
Is 866880 a multiple of 32?
True
Is 12 a factor of 203400?
True
Is 326 a factor of 10381144?
True
Is 6 a factor of 12454308?
True
Does 251 divide 696023?
True
Is 14 a factor of 7042140?
True
Is 21 a factor of 6109026?
True
Is 52 a factor of 2618297?
False
Is 535761 a multiple of 9?
True
Is 305592 a multiple of 17?
True
Is 8 a factor of 4909162?
False
Does 21 divide 25368?
True
Does 767 divide 2233933?
False
Is 18 a factor of 15243318?
True
Is 4960969 a multiple of 13?
True
Is 3994728 a multiple of 102?
True
Is 730846 a multiple of 621?
False
Is 205 a factor of 7063489?
False
Does 9 divide 21719?
False
Does 9 divide 388538?
False
Is 85 a factor of 2534051?
False
Does 14 divide 192167?
False
Is 373 a factor of 3107090?
True
Is 8 a factor of 668992?
True
Is 3250842 a multiple of 34?
True
Is 83143 a multiple of 29?
True
Is 3356645 a multiple of 21?
False
Does 117 divide 24967629?
False
Is 111 a factor of 9079?
False
Is 1496 a multiple of 60?
False
Is 217 a factor of 256060?
True
Does 23 divide 2507?
True
Does 9 divide 3849246?
True
Is 4478672 a multiple of 22?
True
Does 27 divide 3729847?
False
Does 21 divide 96976?
False
Is 37 a factor of 54585?
False
Is 2144769 a multiple of 9?
False
Is 27 a factor of 151902?
True
Is 9 a factor of 714717?
True
Is 71 a factor of 809296?
False
Is 248483 a multiple of 4?
False
Does 19 divide 121808?
False
Does 167 divide 3529545?
True
Does 35 divide 4106796?
False
Does 40 divide 197467?
False
Is 2029511 a multiple of 96?
False
Does 13 divide 316979?
True
Does 75 divide 6666900?
True
Is 876073 a multiple of 17?
False
Is 3154 a multiple of 54?
False
Does 1396 divide 7691960?
True
Is 4727270 a multiple of 20?
False
Is 444799 a multiple of 14?
False
Does 74 divide 152798?
False
Does 565 divide 1061070?
True
Is 1793528 a multiple of 8?
True
Is 2648452 a multiple of 146?
False
Is 189744 a multiple of 16?
True
Is 319102 a multiple of 26?
False
Is 91 a factor of 4052958?
True
Is 6637003 a multiple of 14?
False
Is 67 a factor of 218903?
False
Is 23 a factor of 37099?
True
Is 112 a factor of 4057200?
True
Does 143 divide 11446?
False
Is 458 a factor of 68966?
False
Is 38 a factor of 66287?
False
Does 44 divide 1154560?
True
Does 36 divide 13829?
False
Is 220511 a multiple of 5?
False
Is 2983567 a multiple of 47?
False
Does 5 divide 1548505?
True
Does 14 divide 322960?
False
Does 862 divide 3541215?
False
Does 330 divide 1290960?
True
Is 106930 a multiple of 85?
True
Does 8 divide 105053?
False
Is 127996 a multiple of 197?
False
Is 30 a factor of 18604080?
True
Is 873 a factor of 694908?
True
Is 783540 a multiple of 9?
True
Is 8 a factor of 3411112?
True
Is 1726104 a multiple of 212?
True
Is 352077 a multiple of 47?
True
Does 29 divide 443149?
True
Is 21 a factor of 195420?
False
Is 88 a factor of 20342461?
False
Is 17 a factor of 48926?
True
Is 7 a factor of 564410?
True
Is 5739744 a multiple of 17?
True
Does 20 divide 592540?
True
Is 162 a factor of 328437?
False
Is 20 a factor of 14656260?
True
Is 737583 a multiple of 444?
False
Is 16 a factor of 884075?
False
Is 10122624 a multiple of 232?
True
Does 278 divide 7889233?
False
Is 378 a factor of 631638?
True
Is 44880 a multiple of 264?
True
Does 386 divide 10596695?
False
Is 311 a factor of 16818569?
True
Is 438256 a multiple of 49?
True
Is 22 a factor of 325499?
False
Is 534379 a multiple of 203?
False
Is 61242 a multiple of 173?
True
Is 44173 even?
False
Is 409479 a multiple of 119?
True
Is 516 a factor of 21965775?
False
Is 53 a factor of 358747?
False
Does 161 divide 1571076?
False
Does 143 divide 366223?
True
Does 18 divide 7907724?
True
Does 17 divide 604024?
False
Is 2485826 a multiple of 1006?
True
Is 136271 a multiple of 130?
False
Is 1374543 a multiple of 359?
False
Is 1227447 a multiple of 13?
True
Does 187 divide 132635?
False
Is 164717 a multiple of 246?
False
Is 488 a factor of 395768?
True
Is 9 a factor of 2398593?
False
Does 6 divide 1619272?
False
Is 18 a factor of 1182996?
True
Is 18 a factor of 200966?
False
Is 854851 a multiple of 23?
False
Is 306016 a multiple of 292?
True
Does 93 divide 518847?
True
Does 55 divide 223?
False
Does 28 divide 1921836?
True
Is 29 a factor of 51466?
False
Is 12212200 a multiple of 154?
True
Does 23 divide 14398759?
True
Does 48 divide 271097?
False
Is 673 a factor of 23951739?
False
Is 4 a factor of 48846?
False
Does 207 divide 67068?
True
Is 183465 a multiple of 19?
False
Is 1508684 a multiple of 84?
False
Is 3331916 a multiple of 266?
True
Is 117234 a multiple of 460?
False
Does 58 divide 6150?
False
Does 106 divide 602528?
False
Does 8 divide 2323799?
False
Is 58 a factor of 241686?
True
Does 447 divide 69160?
False
Does 25 divide 1777175?
True
Is 16485950 a multiple of 169?
True
Is 484 a factor of 1366816?
True
Does 30 divide 8296?
False
Is 91262 a multiple of 17?
False
Is 2224729 a multiple of 13?
True
Is 377169 a multiple of 19?
True
Does 19 divide 13986056?
False
Does 12 divide 427107?
False
Does 84 divide 1253364?
True
Is 18 a factor of 12356?
False
Is 157 a factor of 2381533?
True
Is 2604416 a multiple of 29?
False
Is 40 a factor of 53011?
False
Does 49 divide 1159704?
False
Does 63 divide 1491021?
True
Is 32 a factor of 3952288?
True
Is 1168804 a multiple of 9?
False
Is 254 a factor of